{"id":790,"date":"2019-11-17T18:04:21","date_gmt":"2019-11-17T17:04:21","guid":{"rendered":"http:\/\/lacavedemerlin.fr\/?page_id=790"},"modified":"2021-01-27T18:24:24","modified_gmt":"2021-01-27T17:24:24","slug":"thes-epicerie-fine","status":"publish","type":"page","link":"https:\/\/lacavedemerlin.fr\/index.php\/thes-epicerie-fine\/","title":{"rendered":"Th\u00e9s &#038; Epicerie Fine"},"content":{"rendered":"<p>[et_pb_section fb_built=&#8221;1&#8243; custom_padding_last_edited=&#8221;on|desktop&#8221; admin_label=&#8221;section&#8221; _builder_version=&#8221;3.22&#8243; background_color=&#8221;#ffffff&#8221; custom_padding_tablet=&#8221;50px|0|50px|0&#8243; custom_padding_phone=&#8221;&#8221; transparent_background=&#8221;off&#8221; padding_mobile=&#8221;off&#8221; make_fullwidth=&#8221;off&#8221; use_custom_width=&#8221;off&#8221; width_unit=&#8221;on&#8221;][et_pb_row padding_mobile=&#8221;off&#8221; column_padding_mobile=&#8221;on&#8221; admin_label=&#8221;row&#8221; module_class=&#8221; et_pb_row_fullwidth&#8221; _builder_version=&#8221;4.4.2&#8243; background_color=&#8221;#ffffff&#8221; background_image=&#8221;http:\/\/lacavedemerlin.fr\/wp-content\/uploads\/2016\/05\/Slide3.jpg&#8221; background_size=&#8221;initial&#8221; background_position=&#8221;top_left&#8221; background_repeat=&#8221;repeat&#8221; width=&#8221;100%&#8221; width_tablet=&#8221;100%&#8221; width_phone=&#8221;&#8221; width_last_edited=&#8221;on|desktop&#8221; max_width=&#8221;100%&#8221; max_width_tablet=&#8221;100%&#8221; max_width_phone=&#8221;&#8221; max_width_last_edited=&#8221;on|desktop&#8221; custom_padding=&#8221;0px||0px|&#8221; make_fullwidth=&#8221;on&#8221; use_custom_width=&#8221;off&#8221; width_unit=&#8221;on&#8221;][et_pb_column type=&#8221;4_4&#8243; _builder_version=&#8221;3.25&#8243; custom_padding=&#8221;|||&#8221; custom_padding__hover=&#8221;|||&#8221;][et_pb_image src=&#8221;http:\/\/lacavedemerlin.fr\/wp-content\/uploads\/2020\/05\/EpicerieFine.png&#8221; title_text=&#8221;Vins &#038; Champagnes&#8221; force_fullwidth=&#8221;on&#8221; align_tablet=&#8221;center&#8221; align_phone=&#8221;&#8221; align_last_edited=&#8221;on|desktop&#8221; admin_label=&#8221;Image&#8221; _builder_version=&#8221;4.4.2&#8243; custom_padding=&#8221;0px|||||&#8221; animation=&#8221;off&#8221; sticky=&#8221;off&#8221; use_border_color=&#8221;off&#8221; border_color=&#8221;#ffffff&#8221; border_style=&#8221;solid&#8221; always_center_on_mobile=&#8221;on&#8221;][\/et_pb_image][\/et_pb_column][\/et_pb_row][\/et_pb_section][et_pb_section fb_built=&#8221;1&#8243; custom_padding_last_edited=&#8221;on|desktop&#8221; admin_label=&#8221;Section&#8221; _builder_version=&#8221;3.22&#8243; background_color=&#8221;#ffffff&#8221; custom_padding_tablet=&#8221;50px|0|50px|0&#8243; custom_padding_phone=&#8221;&#8221; transparent_background=&#8221;off&#8221; padding_mobile=&#8221;off&#8221; make_fullwidth=&#8221;off&#8221; use_custom_width=&#8221;off&#8221; width_unit=&#8221;on&#8221;][et_pb_row padding_mobile=&#8221;off&#8221; column_padding_mobile=&#8221;on&#8221; admin_label=&#8221;row&#8221; module_class=&#8221; et_pb_row_fullwidth&#8221; _builder_version=&#8221;3.25&#8243; background_size=&#8221;initial&#8221; background_position=&#8221;top_left&#8221; background_repeat=&#8221;repeat&#8221; width=&#8221;100%&#8221; width_tablet=&#8221;100%&#8221; width_phone=&#8221;&#8221; width_last_edited=&#8221;on|desktop&#8221; max_width=&#8221;100%&#8221; max_width_tablet=&#8221;100%&#8221; max_width_phone=&#8221;&#8221; max_width_last_edited=&#8221;on|desktop&#8221; custom_padding=&#8221;80px||60px|&#8221; make_fullwidth=&#8221;on&#8221; use_custom_width=&#8221;off&#8221; width_unit=&#8221;on&#8221;][et_pb_column type=&#8221;4_4&#8243; _builder_version=&#8221;3.25&#8243; custom_padding=&#8221;|||&#8221; custom_padding__hover=&#8221;|||&#8221;][et_pb_text admin_label=&#8221;Notre gamme Vins et Champagnes&#8221; _builder_version=&#8221;4.4.2&#8243; text_font=&#8221;Cantata One||||&#8221; text_text_color=&#8221;#595959&#8243; text_font_size=&#8221;26&#8243; background_size=&#8221;initial&#8221; background_position=&#8221;top_left&#8221; background_repeat=&#8221;repeat&#8221; custom_padding=&#8221;||0px|||&#8221; use_border_color=&#8221;off&#8221; border_color=&#8221;#ffffff&#8221; border_style=&#8221;solid&#8221;]<\/p>\n<p style=\"text-align: center;\"><strong>Notre gamme Th\u00e9s &amp; Epicerie fine<\/strong><\/p>\n<p>[\/et_pb_text][\/et_pb_column][\/et_pb_row][et_pb_row padding_mobile=&#8221;off&#8221; column_padding_mobile=&#8221;on&#8221; admin_label=&#8221;Ligne&#8221; module_class=&#8221; et_pb_row_fullwidth&#8221; _builder_version=&#8221;3.25&#8243; parallax=&#8221;on&#8221; width=&#8221;100%&#8221; width_tablet=&#8221;100%&#8221; width_phone=&#8221;&#8221; width_last_edited=&#8221;on|desktop&#8221; max_width=&#8221;100%&#8221; max_width_tablet=&#8221;100%&#8221; max_width_phone=&#8221;&#8221; max_width_last_edited=&#8221;on|desktop&#8221; make_fullwidth=&#8221;on&#8221; use_custom_width=&#8221;off&#8221; width_unit=&#8221;on&#8221;][et_pb_column type=&#8221;4_4&#8243; _builder_version=&#8221;3.25&#8243; custom_padding=&#8221;|||&#8221; custom_padding__hover=&#8221;|||&#8221;][et_pb_text admin_label=&#8221;Texte&#8221; _builder_version=&#8221;3.27.4&#8243; text_font=&#8221;Cantata One||||&#8221; text_text_color=&#8221;#595959&#8243; background_size=&#8221;initial&#8221; background_position=&#8221;top_left&#8221; background_repeat=&#8221;repeat&#8221; text_orientation=&#8221;center&#8221; background_layout=&#8221;dark&#8221; module_alignment=&#8221;center&#8221; custom_padding=&#8221;|100px||100px&#8221; use_border_color=&#8221;off&#8221; border_color=&#8221;#ffffff&#8221; border_style=&#8221;solid&#8221;]<\/p>\n<p class=\"yiv4057288124MsoNormal\"><em>\u00ab\u00a0Un printemps \u00e0 Kyoto\u00a0\u00bb, \u00ab\u00a0Romance indienne\u00a0\u00bb, \u00ab\u00a0Oc\u00e9an de Fra\u00eecheur\u00a0\u00bb, \u00ab\u00a0Elixir des petits lutins\u00a0\u00bb, \u00ab\u00a0P\u00e9ch\u00e9 gourmand\u00a0\u00bb\u2026<\/em> autant de mots qui cachent derri\u00e8re eux une <strong>multitude de saveurs<\/strong>\u00a0!<\/p>\n<p class=\"yiv4057288124MsoNormal\">Vous trouverez chez nous une large s\u00e9lection des <strong>\u00ab\u00a0Jardins de Ga\u00efa\u00a0\u00bb<\/strong>, \u00a0maison de grands th\u00e9 et tisanes bio, ainsi que les infusions de <strong>l\u2019Amante Verte<\/strong>.<br \/><span style=\"font-size: 14px;\">Gr\u00e2ce \u00e0 des m\u00e9langes subtils de th\u00e9 vert, th\u00e9 noir, Rooibos, plantes, baies, fleurs\u2026 Venez trouver votre bonheur parmi <\/span><strong style=\"font-size: 14px;\">50 th\u00e9s et tisanes aussi vari\u00e9s que surprenants<\/strong><span style=\"font-size: 14px;\">\u00a0!<\/span><\/p>\n<p class=\"yiv4057288124MsoNormal\">\n<p class=\"yiv4057288124MsoNormal\">\n<p class=\"yiv4057288124MsoNormal\">La Cave de Merlin vous propose \u00e9galement une s\u00e9lection d\u2019\u00e9picerie fine :<\/p>\n<p class=\"yiv4057288124MsoNormal\">\n<p class=\"yiv4057288124MsoListParagraphCxSpFirst\"><span>\u2022\u00a0<\/span>Le chocolat de chez <strong>Valrhona<\/strong> et du <strong>Comptoir de Mathilde<\/strong><\/p>\n<p class=\"yiv4057288124MsoListParagraphCxSpFirst\"><span style=\"font-size: 14px;\">\u2022\u00a0<\/span><span style=\"font-size: 14px;\">Des rillettes \u00e0 tartiner \u00e0 l\u2019ap\u00e9ritif\u00a0issus de la terre et de la mer <\/span><strong style=\"font-size: 14px;\">(La paimpolaise, la Chikolodenn, Secret de famille..)<\/strong><\/p>\n<p class=\"yiv4057288124MsoListParagraphCxSpFirst\"><span style=\"font-size: 14px;\">\u2022\u00a0<\/span><span style=\"font-size: 14px;\">Des douceurs \u00e0 partager, telles que les confitures de <\/span><strong style=\"font-size: 14px;\">Dame Cerise<\/strong><span style=\"font-size: 14px;\">, les Palets Bretons du <\/span><strong style=\"font-size: 14px;\">Hangar<\/strong><span style=\"font-size: 14px;\">, le miel de <\/span><strong style=\"font-size: 14px;\">JL Hasco\u00ebt<\/strong><span style=\"font-size: 14px;\">\u2026<\/span><\/p>\n<p class=\"yiv4057288124MsoListParagraphCxSpFirst\"><span style=\"font-size: 14px;\">\u2022\u00a0<\/span><span style=\"font-size: 14px;\">Les \u00e9pices de <\/span><strong style=\"font-size: 14px;\">\u00ab\u00a0Terre exotique\u00a0\u00bb<\/strong><\/p>\n<p class=\"yiv4057288124MsoListParagraphCxSpFirst\"><span style=\"font-size: 14px;\">\u2022\u00a0<\/span><span style=\"font-size: 14px;\">Les jus de fruits d\u2019<\/span><strong style=\"font-size: 14px;\">Alain Milliat<\/strong><span style=\"font-size: 14px;\"> et les jus de pommes bio de <\/span><strong style=\"font-size: 14px;\">l\u2019Arbre \u00e0 Pommes<\/strong><\/p>\n<p class=\"yiv4057288124MsoListParagraphCxSpLast\">\n<p class=\"yiv4057288124MsoListParagraphCxSpLast\">\n<p class=\"yiv4057288124MsoNormal\">Pour vos cadeaux, nous composons avec vous des coffrets garnis selon vos go\u00fbts et vos attentes.<br \/><span style=\"font-size: 14px;\">Et pour ceux qui aiment les surprises, vous trouverez des coffrets compos\u00e9s par nos soins ou nos \u00ab\u00a0Bons Cadeaux\u00a0\u00bb de la valeur que vous souhaitez\u00a0!<br \/><\/span><span style=\"font-size: 14px;\">Comit\u00e9s d\u2019Entreprises, n\u2019h\u00e9sitez pas \u00e0 nous questionner sur nos propositions de coffrets\u00a0!<\/span><\/p>\n<p>[\/et_pb_text][\/et_pb_column][\/et_pb_row][\/et_pb_section][et_pb_section fb_built=&#8221;1&#8243; fullwidth=&#8221;on&#8221; custom_padding_last_edited=&#8221;on|desktop&#8221; admin_label=&#8221;Section&#8221; _builder_version=&#8221;3.22&#8243; background_color=&#8221;#ffffff&#8221; custom_padding=&#8221;40px|||&#8221; custom_padding_tablet=&#8221;50px|0|50px|0&#8243; custom_padding_phone=&#8221;&#8221; transparent_background=&#8221;off&#8221; padding_mobile=&#8221;off&#8221; make_fullwidth=&#8221;off&#8221; use_custom_width=&#8221;off&#8221; width_unit=&#8221;on&#8221;][et_pb_fullwidth_image src=&#8221;http:\/\/lacavedemerlin.fr\/wp-content\/uploads\/2016\/05\/the-herbes-1.jpg&#8221; admin_label=&#8221;Tire-bouchon&#8221; _builder_version=&#8221;3.0.87&#8243; animation_style=&#8221;fade&#8221; animation_duration=&#8221;500ms&#8221; animation=&#8221;fade_in&#8221; use_border_color=&#8221;off&#8221; border_color=&#8221;#ffffff&#8221; border_style=&#8221;solid&#8221;][\/et_pb_fullwidth_image][\/et_pb_section][et_pb_section fb_built=&#8221;1&#8243; custom_padding_last_edited=&#8221;on|desktop&#8221; admin_label=&#8221;Section&#8221; _builder_version=&#8221;3.22&#8243; background_color=&#8221;#ffffff&#8221; custom_padding_tablet=&#8221;50px|0|50px|0&#8243; custom_padding_phone=&#8221;&#8221; transparent_background=&#8221;off&#8221; padding_mobile=&#8221;off&#8221; make_fullwidth=&#8221;off&#8221; use_custom_width=&#8221;off&#8221; width_unit=&#8221;on&#8221;][et_pb_row padding_mobile=&#8221;off&#8221; column_padding_mobile=&#8221;on&#8221; admin_label=&#8221;Ligne&#8221; module_class=&#8221; et_pb_row_fullwidth&#8221; _builder_version=&#8221;3.25&#8243; parallax=&#8221;on&#8221; parallax_method=&#8221;off&#8221; width=&#8221;100%&#8221; width_tablet=&#8221;100%&#8221; width_phone=&#8221;&#8221; width_last_edited=&#8221;on|desktop&#8221; max_width=&#8221;100%&#8221; max_width_tablet=&#8221;100%&#8221; max_width_phone=&#8221;&#8221; max_width_last_edited=&#8221;on|desktop&#8221; make_fullwidth=&#8221;on&#8221; use_custom_width=&#8221;off&#8221; width_unit=&#8221;on&#8221;][et_pb_column type=&#8221;4_4&#8243; _builder_version=&#8221;3.25&#8243; custom_padding=&#8221;|||&#8221; custom_padding__hover=&#8221;|||&#8221;][et_pb_image src=&#8221;http:\/\/lacavedemerlin.fr\/wp-content\/uploads\/2016\/05\/jute-ligne.jpg&#8221; show_bottom_space=&#8221;off&#8221; align=&#8221;center&#8221; align_tablet=&#8221;center&#8221; align_phone=&#8221;&#8221; align_last_edited=&#8221;on|desktop&#8221; admin_label=&#8221;Jute&#8221; _builder_version=&#8221;3.23&#8243; animation=&#8221;off&#8221; sticky=&#8221;on&#8221; use_border_color=&#8221;off&#8221; border_color=&#8221;#ffffff&#8221; border_style=&#8221;solid&#8221; always_center_on_mobile=&#8221;on&#8221;][\/et_pb_image][\/et_pb_column][\/et_pb_row][et_pb_row _builder_version=&#8221;4.4.2&#8243; background_color=&#8221;#ffffff&#8221; width=&#8221;100%&#8221; min_height=&#8221;158px&#8221; custom_margin=&#8221;|auto|-2px|auto||&#8221; custom_padding=&#8221;||0px|||&#8221;][et_pb_column type=&#8221;4_4&#8243; _builder_version=&#8221;4.4.2&#8243;][et_pb_text _builder_version=&#8221;4.4.2&#8243; min_height=&#8221;124px&#8221; custom_margin=&#8221;-5px||6px|||&#8221; custom_padding=&#8221;12px||13px|||&#8221;]<\/p>\n<p style=\"text-align: center;\"><img loading=\"lazy\" src=\"http:\/\/lacavedemerlin.fr\/wp-content\/uploads\/2020\/05\/Logo_noir-350x350.png\" width=\"103\" height=\"103\" alt=\"\" class=\"wp-image-908 alignnone size-medium\" \/><br \/><span style=\"font-size: 14px; color: #000000;\">Copyright\u00a0\u00a9 2020 I\u00a0<span style=\"color: #9b8e68;\"><a href=\"http:\/\/lacavedemerlin.fr\/index.php\/mentions-legales\/\" style=\"color: #9b8e68;\">Mentions l\u00e9gales<\/a>\u00a0 <\/span><\/span><\/p>\n<p>[\/et_pb_text][\/et_pb_column][\/et_pb_row][\/et_pb_section]<\/p>\n","protected":false},"excerpt":{"rendered":"<p>[et_pb_section fb_built=&#8221;1&#8243; custom_padding_last_edited=&#8221;on|desktop&#8221; admin_label=&#8221;section&#8221; _builder_version=&#8221;3.22&#8243; background_color=&#8221;#ffffff&#8221; custom_padding_tablet=&#8221;50px|0|50px|0&#8243; custom_padding_phone=&#8221;&#8221; transparent_background=&#8221;off&#8221; padding_mobile=&#8221;off&#8221; make_fullwidth=&#8221;off&#8221; use_custom_width=&#8221;off&#8221; width_unit=&#8221;on&#8221;][et_pb_row padding_mobile=&#8221;off&#8221; column_padding_mobile=&#8221;on&#8221; admin_label=&#8221;row&#8221; module_class=&#8221; et_pb_row_fullwidth&#8221; _builder_version=&#8221;4.4.2&#8243; background_color=&#8221;#ffffff&#8221; background_image=&#8221;http:\/\/lacavedemerlin.fr\/wp-content\/uploads\/2016\/05\/Slide3.jpg&#8221; background_size=&#8221;initial&#8221; background_position=&#8221;top_left&#8221; background_repeat=&#8221;repeat&#8221; width=&#8221;100%&#8221; width_tablet=&#8221;100%&#8221; width_phone=&#8221;&#8221; width_last_edited=&#8221;on|desktop&#8221; max_width=&#8221;100%&#8221; max_width_tablet=&#8221;100%&#8221; max_width_phone=&#8221;&#8221; max_width_last_edited=&#8221;on|desktop&#8221; custom_padding=&#8221;0px||0px|&#8221; make_fullwidth=&#8221;on&#8221; use_custom_width=&#8221;off&#8221; width_unit=&#8221;on&#8221;][et_pb_column type=&#8221;4_4&#8243; _builder_version=&#8221;3.25&#8243; custom_padding=&#8221;|||&#8221; custom_padding__hover=&#8221;|||&#8221;][et_pb_image src=&#8221;http:\/\/lacavedemerlin.fr\/wp-content\/uploads\/2020\/05\/EpicerieFine.png&#8221; title_text=&#8221;Vins &#038; Champagnes&#8221; force_fullwidth=&#8221;on&#8221; align_tablet=&#8221;center&#8221; align_phone=&#8221;&#8221; align_last_edited=&#8221;on|desktop&#8221; admin_label=&#8221;Image&#8221; _builder_version=&#8221;4.4.2&#8243; custom_padding=&#8221;0px|||||&#8221; animation=&#8221;off&#8221; sticky=&#8221;off&#8221; use_border_color=&#8221;off&#8221; border_color=&#8221;#ffffff&#8221; [&hellip;]<\/p>\n","protected":false},"author":3,"featured_media":0,"parent":0,"menu_order":0,"comment_status":"closed","ping_status":"closed","template":"","meta":{"_et_pb_use_builder":"on","_et_pb_old_content":"","_et_gb_content_width":""},"_links":{"self":[{"href":"https:\/\/lacavedemerlin.fr\/index.php\/wp-json\/wp\/v2\/pages\/790"}],"collection":[{"href":"https:\/\/lacavedemerlin.fr\/index.php\/wp-json\/wp\/v2\/pages"}],"about":[{"href":"https:\/\/lacavedemerlin.fr\/index.php\/wp-json\/wp\/v2\/types\/page"}],"author":[{"embeddable":true,"href":"https:\/\/lacavedemerlin.fr\/index.php\/wp-json\/wp\/v2\/users\/3"}],"replies":[{"embeddable":true,"href":"https:\/\/lacavedemerlin.fr\/index.php\/wp-json\/wp\/v2\/comments?post=790"}],"version-history":[{"count":7,"href":"https:\/\/lacavedemerlin.fr\/index.php\/wp-json\/wp\/v2\/pages\/790\/revisions"}],"predecessor-version":[{"id":974,"href":"https:\/\/lacavedemerlin.fr\/index.php\/wp-json\/wp\/v2\/pages\/790\/revisions\/974"}],"wp:attachment":[{"href":"https:\/\/lacavedemerlin.fr\/index.php\/wp-json\/wp\/v2\/media?parent=790"}],"curies":[{"name":"wp","href":"https:\/\/api.w.org\/{rel}","templated":true}]}}