{"id":221,"date":"2016-06-02T21:36:51","date_gmt":"2016-06-02T19:36:51","guid":{"rendered":"http:\/\/lacavedemerlin.fr\/?post_type=project&#038;p=221"},"modified":"2016-08-24T18:44:21","modified_gmt":"2016-08-24T16:44:21","slug":"guide-du-lecteur-de-la-mediatheque-dazay-le-rideau-37","status":"publish","type":"project","link":"https:\/\/lacavedemerlin.fr\/index.php\/project\/guide-du-lecteur-de-la-mediatheque-dazay-le-rideau-37\/","title":{"rendered":"Le Guide du Lecteur"},"content":{"rendered":"<p><img loading=\"lazy\" class=\"alignnone wp-image-305\" src=\"http:\/\/lacavedemerlin.fr\/wp-content\/uploads\/2016\/06\/Marque-page_Mediatheque-300x217.jpg\" alt=\"Marque-page_Mediatheque\" width=\"350\" height=\"253\" \/>\u00a0 \u00a0 <img loading=\"lazy\" class=\"alignnone wp-image-304\" src=\"http:\/\/lacavedemerlin.fr\/wp-content\/uploads\/2016\/06\/Catalogue_Mediatheque-vignette-300x217.jpg\" alt=\"Catalogue_Mediatheque-vignette\" width=\"350\" height=\"253\" \/>\u00a0 \u00a0<img loading=\"lazy\" class=\"alignnone wp-image-345\" src=\"http:\/\/lacavedemerlin.fr\/wp-content\/uploads\/2016\/06\/Sac_Mediatheque-350x253.jpg\" alt=\"Sac_Mediatheque\" width=\"350\" height=\"253\" \/><\/p>\n<p>Conception et mise en page du Guide du Lecteur pour l&#8217;inauguration de la M\u00e9diath\u00e8que d&#8217;Azay-le-Rideau (37).<br \/>\nCr\u00e9ation aussi d&#8217;un marque-page avec coordonn\u00e9es et horaires au dos, et impression du logo sur sac kraft.<\/p>\n","protected":false},"excerpt":{"rendered":"<p>\u00a0 \u00a0 \u00a0 \u00a0 Conception et mise en page du Guide du Lecteur pour l&#8217;inauguration de la M\u00e9diath\u00e8que d&#8217;Azay-le-Rideau (37). Cr\u00e9ation aussi d&#8217;un marque-page avec coordonn\u00e9es et horaires au dos, et impression du logo sur sac kraft.<\/p>\n","protected":false},"author":3,"featured_media":0,"comment_status":"open","ping_status":"closed","template":"","meta":{"_et_pb_use_builder":"","_et_pb_old_content":"","_et_gb_content_width":""},"project_category":[14],"project_tag":[],"_links":{"self":[{"href":"https:\/\/lacavedemerlin.fr\/index.php\/wp-json\/wp\/v2\/project\/221"}],"collection":[{"href":"https:\/\/lacavedemerlin.fr\/index.php\/wp-json\/wp\/v2\/project"}],"about":[{"href":"https:\/\/lacavedemerlin.fr\/index.php\/wp-json\/wp\/v2\/types\/project"}],"author":[{"embeddable":true,"href":"https:\/\/lacavedemerlin.fr\/index.php\/wp-json\/wp\/v2\/users\/3"}],"replies":[{"embeddable":true,"href":"https:\/\/lacavedemerlin.fr\/index.php\/wp-json\/wp\/v2\/comments?post=221"}],"version-history":[{"count":8,"href":"https:\/\/lacavedemerlin.fr\/index.php\/wp-json\/wp\/v2\/project\/221\/revisions"}],"predecessor-version":[{"id":432,"href":"https:\/\/lacavedemerlin.fr\/index.php\/wp-json\/wp\/v2\/project\/221\/revisions\/432"}],"wp:attachment":[{"href":"https:\/\/lacavedemerlin.fr\/index.php\/wp-json\/wp\/v2\/media?parent=221"}],"wp:term":[{"taxonomy":"project_category","embeddable":true,"href":"https:\/\/lacavedemerlin.fr\/index.php\/wp-json\/wp\/v2\/project_category?post=221"},{"taxonomy":"project_tag","embeddable":true,"href":"https:\/\/lacavedemerlin.fr\/index.php\/wp-json\/wp\/v2\/project_tag?post=221"}],"curies":[{"name":"wp","href":"https:\/\/api.w.org\/{rel}","templated":true}]}}

<p><img loading="lazy" class="alignnone wp-image-305" src="http://lacavedemerlin.fr/wp-content/uploads/2016/06/Marque-page_Mediatheque-300x217.jpg" alt="Marque-page_Mediatheque" width="350" height="253" />    <img loading="lazy" class="alignnone wp-image-304" src="http://lacavedemerlin.fr/wp-content/uploads/2016/06/Catalogue_Mediatheque-vignette-300x217.jpg" alt="Catalogue_Mediatheque-vignette" width="350" height="253" />   <img loading="lazy" class="alignnone wp-image-345" src="http://lacavedemerlin.fr/wp-content/uploads/2016/06/Sac_Mediatheque-350x253.jpg" alt="Sac_Mediatheque" width="350" height="253" /></p>
<p>Conception et mise en page du Guide du Lecteur pour l&#8217;inauguration de la Médiathèque d&#8217;Azay-le-Rideau (37).<br />
Création aussi d&#8217;un marque-page avec coordonnées et horaires au dos, et impression du logo sur sac kraft.</p>

<p>        Conception et mise en page du Guide du Lecteur pour l&#8217;inauguration de la Médiathèque d&#8217;Azay-le-Rideau (37). Création aussi d&#8217;un marque-page avec coordonnées et horaires au dos, et impression du logo sur sac kraft.</p>
