{"id":619,"date":"2016-08-24T17:25:20","date_gmt":"2016-08-24T15:25:20","guid":{"rendered":"http:\/\/lacavedemerlin.fr\/?post_type=project&#038;p=619"},"modified":"2016-08-24T17:25:20","modified_gmt":"2016-08-24T15:25:20","slug":"faire-part-de-celia","status":"publish","type":"project","link":"https:\/\/lacavedemerlin.fr\/index.php\/project\/faire-part-de-celia\/","title":{"rendered":"Faire-part de C\u00e9lia"},"content":{"rendered":"<p>Bienvenue \u00e0 la petite C\u00e9lia et f\u00e9licitations aux heureux parents ! Cr\u00e9ation du faire-part pour l&#8217;occasion.<\/p>\n","protected":false},"excerpt":{"rendered":"<p>Bienvenue \u00e0 la petite C\u00e9lia et f\u00e9licitations aux heureux parents ! Cr\u00e9ation du faire-part pour l&#8217;occasion.<\/p>\n","protected":false},"author":3,"featured_media":0,"comment_status":"open","ping_status":"closed","template":"","meta":{"_et_pb_use_builder":"","_et_pb_old_content":"","_et_gb_content_width":""},"project_category":[20],"project_tag":[],"_links":{"self":[{"href":"https:\/\/lacavedemerlin.fr\/index.php\/wp-json\/wp\/v2\/project\/619"}],"collection":[{"href":"https:\/\/lacavedemerlin.fr\/index.php\/wp-json\/wp\/v2\/project"}],"about":[{"href":"https:\/\/lacavedemerlin.fr\/index.php\/wp-json\/wp\/v2\/types\/project"}],"author":[{"embeddable":true,"href":"https:\/\/lacavedemerlin.fr\/index.php\/wp-json\/wp\/v2\/users\/3"}],"replies":[{"embeddable":true,"href":"https:\/\/lacavedemerlin.fr\/index.php\/wp-json\/wp\/v2\/comments?post=619"}],"version-history":[{"count":1,"href":"https:\/\/lacavedemerlin.fr\/index.php\/wp-json\/wp\/v2\/project\/619\/revisions"}],"predecessor-version":[{"id":623,"href":"https:\/\/lacavedemerlin.fr\/index.php\/wp-json\/wp\/v2\/project\/619\/revisions\/623"}],"wp:attachment":[{"href":"https:\/\/lacavedemerlin.fr\/index.php\/wp-json\/wp\/v2\/media?parent=619"}],"wp:term":[{"taxonomy":"project_category","embeddable":true,"href":"https:\/\/lacavedemerlin.fr\/index.php\/wp-json\/wp\/v2\/project_category?post=619"},{"taxonomy":"project_tag","embeddable":true,"href":"https:\/\/lacavedemerlin.fr\/index.php\/wp-json\/wp\/v2\/project_tag?post=619"}],"curies":[{"name":"wp","href":"https:\/\/api.w.org\/{rel}","templated":true}]}}

Faire-part de Célia

<p>Bienvenue à la petite Célia et félicitations aux heureux parents ! Création du faire-part pour l&#8217;occasion.</p>
